 o - 28. Let h(u) = -u**3 + 10*u**2 - 11*u + 11. Let v be h(7). Calculate the highest common divisor of v and o.
9
Let v(p) = p**3 + 4*p**2 + 1. Let k be v(-3). Let j be (-4)/k + (-6)/10. Let q be (j/(-2))/((-2)/(-68)). Calculate the greatest common divisor of q and 68.
17
Let x be 81/2 - 16/32. Calculate the highest common divisor of x and 8.
8
Let s be 15/9 + 8/(-12). Calculate the greatest common factor of 7 and s.
1
Let w be ((-1)/5*-4)/(3/135). Calculate the highest common factor of w and 24.
12
Suppose -5*f = -f - 8, 3*f = 4*m - 1542. Calculate the greatest common divisor of m and 43.
43
Let g = 5 + 5. Let z = -6 + g. Calculate the greatest common factor of 2 and z.
2
Suppose s - 3*r = -s + 30, 0 = 3*r. Let g(o) = -4*o + 60. Let c be g(0). Calculate the highest common factor of s and c.
15
Suppose -5*f - 4 + 34 = 0. Let h be 6 + -2*(-6)/4. Suppose 5*k - h = f, 2*y - 13 = -3*k. Calculate the highest common divisor of 1 and y.
1
Let z(v) = v**2 + 4*v + 16. Let o be z(7). What is the highest common divisor of o and 62?
31
Let g(h) = -3*h + 1. Suppose 2*w + w = -4*y + 3, 0 = w + 5*y - 12. Let p be g(w). Calculate the highest common factor of p and 90.
10
Let n be 3*(1 + 183/9). Let p be (2/2)/(-1)*-13. Let u = -5 + p. What is the greatest common factor of n and u?
8
Suppose -5*w - 38 = -q + 59, 0 = 5*q + 5*w - 575. Calculate the highest common divisor of q and 14.
14
Suppose 5*p - 195 = 2*p. Suppose 2 = g - 2. Suppose g*q = 95 + p. What is the greatest common factor of 16 and q?
8
Let v(d) = -4*d - 1. Let l(m) = m. Let w be l(3). Suppose -38 = 4*n - i, -w*n = 2*n + 2*i + 41. Let p be v(n). What is the highest common divisor of 7 and p?
7
Suppose -f + 35 - 744 = -5*r, -3*r - f = -427. Let m = r - 72. Suppose 0*h + 10 = h. What is the highest common factor of h and m?
10
Suppose k - 58 - 22 = 5*t, 4*t = -5*k + 400. Suppose x = -x + k. What is the highest common factor of 100 and x?
20
Suppose -68 = -8*s + 4. Let m(p) = -p + 3. Let i be m(0). Suppose -7 = -i*r + 20. Calculate the highest common divisor of r and s.
9
Suppose 4*q - 654 = -q + 3*x, 266 = 2*q + x. Calculate the highest common factor of 12 and q.
12
Let v(i) = 2*i**2 - 9*i + 6. Let m be v(6). Calculate the greatest common divisor of 144 and m.
24
Let r(i) = -4*i + 1. Let b be r(-3). Calculate the highest common divisor of b and 26.
13
Let u = -24 + 68. Calculate the highest common factor of u and 110.
22
Let i be 3/(0 + 3/8). Let u be -1 - 3/1*-1. Suppose -c - u*o = -30, 5*c - 2*c - 70 = -2*o. Calculate the highest common factor of i and c.
4
Suppose 4*o - 440 = -2*d, 0*d - 348 = -3*o + 3*d. What is the greatest common divisor of o and 16?
16
Let b be (-42)/(-147) + 75/7. What is the greatest common factor of 11 and b?
11
Let c be (-6)/2*(-1 + -10). Calculate the highest common factor of c and 11.
11
Let m be (-2 + -236)/(-2) + 0. Suppose -9 = -0*r - r. Suppose -3*w + 0*f + 36 = 5*f, r = -3*f. Calculate the greatest common factor of m and w.
17
Let a be 51 - (2 - (-1 - -2)). Suppose -3*u + c - 21 = 0, 3*c - 45 = 5*u - 2*c. Let w be (-118)/u + (-3)/(-9). Calculate the highest common divisor of w and a.
10
Let x be -2 - (-6 - 10 - -3). Let h(f) = f + 33. Let y be h(0). What is the highest common divisor of x and y?
11
Let h = -50 + 51. Calculate the greatest common factor of 3 and h.
1
Let z be 2 + -2 + (126 - -4). Calculate the highest common divisor of z and 52.
26
Let l = 30 + -15. Calculate the greatest common factor of l and 6.
3
Suppose -2*q + 2 = 4*i - 26, -5*i - 82 = -4*q. Calculate the highest common divisor of q and 27.
9
Let r(d) = -d**3 + 0*d**2 - 7 - 7*d**2 + 10*d + 2*d**3 - 2. Let f be r(6). Let o be ((-2)/6)/((-1)/9). Calculate the highest common factor of f and o.
3
Suppose -4*p - 6 = -66. Calculate the greatest common factor of p and 75.
15
Suppose 5*g - 3*l - 190 = 0, 3*g + l - 170 = -2*g. Let u = 17 - 3. Calculate the greatest common factor of u and g.
7
Let n = 17 - 12. Suppose -3*g + 3*s - 9 = -5*g, 0 = -n*s - 25. Calculate the highest common divisor of g and 132.
12
Suppose -h - 2*h - 9 = 0. Let l = h - -19. Let z = -2 + l. What is the greatest common factor of z and 2?
2
Let c be 1 - -6 - (1 - 1). Calculate the highest common divisor of c and 21.
7
Suppose 8*k = 10*k - 192. Calculate the greatest common divisor of k and 16.
16
Suppose -4*z - 5*q = -120, 0 = -3*z + 4*q + 57 + 2. What is the greatest common divisor of 225 and z?
25
Let v = 5 - 0. Suppose 0 = i - 3*r - 2, 2*i + 0*r - v*r = 1. Let m be 2/(4/i)*-2. What is the highest common divisor of m and 7?
7
Let a(n) = -n**2 - n + 180. Let i be a(0). Suppose 2*x = -3*x + i. What is the greatest common factor of x and 9?
9
Suppose 64*t = 65*t - 12. What is the highest common factor of 12 and t?
12
Let v(a) = a**3 + 5*a**2 - 2*a + 3. Let h be v(-4). What is the highest common factor of 297 and h?
27
Suppose b = 15 + 1. Calculate the highest common divisor of b and 2.
2
Let j be (-3 - 1197/(-28)) + 1/4. Calculate the greatest common divisor of 440 and j.
40
Suppose -17 = -3*g + 4. Let z(i) = 3*i + 3. Let w be z(g). Let r = -14 + 30. Calculate the greatest common factor of r and w.
8
Suppose -x - 4*f = -36, 0 = -5*f + 3*f - 2. Let k(v) = -3*v**3 + 2*v**2 - v - 2. Let p be k(-3). What is the greatest common divisor of p and x?
20
Suppose 2*u - 320 = -0*u. Suppose 0*v - 4*v + u = 0. Suppose 3*k = -k + v. Calculate the greatest common divisor of k and 50.
10
Let q be (7 + -2)*1 + -1. Suppose -q*c - 4*a = -84, -c - 2*c + a = -43. Let p = 29 - c. What is the greatest common divisor of 52 and p?
13
Let h be 2 + -2 + -2 - -150. Suppose 0 = 5*i - h - 122. Let x be i*(16/(-6))/(-4). Calculate the highest common factor of x and 54.
18
Let w(m) = m + 15. Let n be w(-7). Calculate the greatest common divisor of n and 4.
4
Let x(g) = -g**2 - 14*g - 12. Let r be 6/(-15) + (-43)/5. Let o be x(r). Let u = -22 + o. Calculate the highest common divisor of 77 and u.
11
Let u(z) = z**3 + 6*z**2 + 3. Let k be u(-5). Let j(w) = -w**3 - 9*w**2 + 15*w - 7. Let v be j(-11). What is the greatest common factor of v and k?
14
Let g = 44 + -26. Suppose -2 = l + 4*u - 0*u, -3*l = 5*u - 29. What is the greatest common factor of g and l?
18
Suppose 3*n + 3*m + 42 - 138 = 0, -3*n + 96 = -4*m. What is the highest common factor of 16 and n?
16
Suppose -3*i = -3*f + 3, 7 = -6*f + 9*f - i. Let j = 3 - 2. Calculate the highest common factor of f and j.
1
Let a = 8 - -1. Calculate the highest common divisor of a and 45.
9
Let q be 3*(0 + 1) + 4. Suppose 5*m + 41 - 123 = -z, 4 = 4*m. Calculate the greatest common factor of z and q.
7
Let c(g) = -g**3 + 3*g**2 + 4. Let q be c(3). Suppose -q*z + 75 = -3*z. Calculate the greatest common factor of 15 and z.
15
Suppose 3*z - 17 = -2. Calculate the highest common factor of 45 and z.
5
Suppose -18 = 9*r - 7*r. Let g(w) = w**3 + 9*w**2 - 6*w - 6. Let a be g(r). Let o = 56 - 40. Calculate the highest common factor of a and o.
16
Suppose u = 8 - 5. Suppose -u*o - 22 = -70. Calculate the highest common divisor of o and 176.
16
Let c be (-28)/(-21) - 6/(-9). Let v(p) = 16*p. Let u be v(c). Let h = -6 + 10. What is the highest common factor of h and u?
4
Suppose 2*m + d = -m + 22, 0 = -3*m + 2*d + 10. What is the highest common divisor of m and 2?
2
Let g be 4 + -1 - (3 + -6). Let k be g/(-27) - (-148)/18. Let t(s) = 64*s**2 - s + 1. Let r be t(1). Calculate the greatest common divisor of k and r.
8
Let a = -8 + 8. Suppose 162 = 6*v - a*v. What is the highest common factor of v and 18?
9
Let z = -12 + 15. Let h = 7 + z. What is the highest common divisor of 2 and h?
2
Suppose 6*o + 33 = 9*o. Calculate the greatest common divisor of o and 44.
11
Suppose 0 = 4*w - 5*w + 21. Calculate the highest common divisor of w and 3.
3
Suppose -3*b + 0*a - 3*a = -24, 5*b - 44 = -4*a. Calculate the greatest common factor of b and 3.
3
Suppose 0 = 2*h + 3*h. Let y(j) = -j + 6. Let f be y(h). Suppose -5*d - 75 = -5*p, 3*p = 5*d + 27 + 18. Calculate the highest common factor of p and f.
3
Let b(d) = -d**3 - 8*d**2 - 5. Let c be b(-8). Let g be c - -8 - (1 - 0). Calculate the highest common divisor of g and 10.
2
Let g be -2*1/(-3)*-30. Let i = -12 - g. Let a(u) = -25*u - 5. Let p be a(-1). What is the highest common divisor of p a